culate the remainder when n(10) is divided by 6.
5
Let k = 134 - 75. Let q = 0 + -42. Let b = q - -62. Calculate the remainder when k is divided by b.
19
Suppose 305 = -2*n + 7*n. What is the remainder when n is divided by 16?
13
Let x = 100 + -79. Calculate the remainder when x is divided by 12.
9
Suppose -5*g = -0*g - 5, 0 = -x + 5*g + 2. What is the remainder when 12 is divided by x?
5
Let p(b) = -b**2 - 4. Let s be p(-3). Let y be 4/(1 + 12/s). Suppose 0 = -0*u + 2*u - y. What is the remainder when u is divided by 9?
8
Let s = -6 + 6. Suppose 24 = -4*a + 2*u - u, s = -a + u - 6. Let w(v) = v**3 + 7*v**2 + 4*v - 4. Calculate the remainder when 21 is divided by w(a).
5
Suppose 4*h = 121 - 29. What is the remainder when 43 is divided by h?
20
Let d(w) = -4*w**3 - 5*w**2 - 5*w - 1. Calculate the remainder when d(-2) is divided by 11.
10
Let x(d) = d + 14. Let j be x(-6). Suppose 3*t = 1 + j. Let i(n) = -n**3 + 4*n**2 - 3*n + 2. Calculate the remainder when i(t) is divided by 1.
0
Calculate the remainder when (5 - -100) + 20/4 is divided by 37.
36
Let l = 14 - 6. Calculate the remainder when 30 is divided by l.
6
Let f be ((-6)/10)/(2/(-10)). Let r(i) = 4 + 2*i - 2 + 1. What is the remainder when 25 is divided by r(f)?
7
Suppose c - 20 - 14 = 0. Calculate the remainder when c is divided by 2/(-7) + (-516)/(-42).
10
Suppose 0 = 2*s - 15 - 3. Let t be 0 + (1/(-1))/(-1). Suppose -4 - t = -m. Calculate the remainder when s is divided by m.
4
What is the remainder when (-6)/(-33) - 1970/(-55) is divided by 19?
17
Suppose -4*u + 89 = -3. Let d be (-1)/(2*1/(-36)). Suppose -f + 5*f - 3*m = d, -f = 3*m - 12. What is the remainder when u is divided by f?
5
Let h be 12/6 - (-1 - 0). Suppose -2*l = h*l - 295. Let v = 47 - 27. Calculate the remainder when l is divided by v.
19
What is the remainder when 158 is divided by (64/5)/(12/30)?
30
Suppose 3*l = -2*o + 24, 5*o - 70 = 5*l + 40. Let v = o - 9. Calculate the remainder when 17 is divided by v.
8
Let m be (-66)/18 - 2/6. Let b be m + 1 - (1 + -46). Suppose -p = p - b. What is the remainder when p is divided by 6?
3
Let x(n) = 7 - 8*n - 3 + 2*n**2 + 5. What is the remainder when x(7) is divided by 18?
15
Suppose 5*y = -10, -k - 4*y - 29 - 2 = 0. Let f = 49 + k. What is the remainder when f is divided by 7?
5
Suppose 0 = -2*x - 18. Let z = x + 17. Calculate the remainder when 13 is divided by z.
5
Let j(i) = -i**2 + i + 10. Suppose -2*o = -4*o. Suppose o = -l - l. Calculate the remainder when j(l) is divided by 4.
2
Let a be (2/5)/((-1)/20). Let g = a - -22. What is the remainder when 40 is divided by g?
12
Let a = 95 + -15. Suppose -o = o - a. Suppose -2*q - o = -4*q. Calculate the remainder when q is divided by 7.
6
Suppose 0*c + 8 = -3*c + 4*a, 5*c + 5*a = 45. Suppose -47 = -c*f + 69. What is the remainder when 84 is divided by f?
26
Suppose 0 = -2*k + 4*a + 211 + 17, 104 = k + 3*a. Let y = k - 70. What is the remainder when y is divided by 14?
12
Suppose y - 18*q - 193 = -14*q, 0 = -3*y - 3*q + 624. Calculate the remainder when y is divided by 69.
67
Suppose 4*x - 7 - 25 = 0. What is the remainder when x is divided by (-138)/(-42) - (-4)/(-14)?
2
Let w(y) = y**3 + 6*y**2 + 6*y + 6. Let v be w(-6). Let p = 57 + v. Suppose -3*s - 4*k = -27 - p, 0 = 5*k - 15. Calculate the remainder when s is divided by 5.
4
What is the remainder when 37 is divided by 4*((-21)/(-12) + -1)?
1
Suppose -4*o = 12 - 144. Calculate the remainder when 64 is divided by o.
31
Suppose 16*j - 1196 = 260. What is the remainder when j is divided by 31?
29
What is the remainder when 10 is divided by (2 - 3)/1*-4?
2
What is the remainder when 34 is divided by ((-2)/5)/((-9)/405)?
16
Suppose -5*a + 108 = -a. Suppose -70 = v - 6*v + 5*y, 73 = 5*v - 2*y. Suppose 5*d - v = -2*w + w, 5*w - 2*d = 48. What is the remainder when a is divided by w?
7
Suppose 2*v = -2*l + 210, 4*v - 420 = -l - 0*l. Let a be (0 + 0)/(-2 + 0). Suppose -v = -a*u - 5*u. What is the remainder when u is divided by 11?
10
Suppose 6*n - 22*n = -448. What is the remainder when 53 is divided by n?
25
Let q be -1 + (-2 - (3 + -6)). Let r = 2 - q. Suppose 0 = 3*g - 3*m - 21, 5*g + 0*m - r*m = 50. Calculate the remainder when 23 is divided by g.
11
Let z = 221 + -156. Suppose 3*s - z = -2*s. What is the remainder when s is divided by 8?
5
Calculate the remainder when 73 + -4*(-2)/4 is divided by 19.
18
Suppose 5*z - 106 = c - 21, 3*z - 2*c = 58. Calculate the remainder when (-370)/(-8) + 1/(-4) is divided by z.
14
Let j(h) = 2*h**2 - 3*h - 5. What is the remainder when (-3)/4 - (-1969)/44 is divided by j(4)?
14
Let j(v) = -2*v - 7. Let u be j(-5). Let k(q) = 2 + 2*q**2 - q**2 + u*q + 1. Calculate the remainder when 3 is divided by k(-2).
0
Suppose -5*l = -3*l - 54. Let y be -2 + (-1)/((-3)/120). Let a = y - 24. What is the remainder when l is divided by a?
13
Suppose -x - 2*u = x - 78, x - u - 29 = 0. Suppose 6 = b - 3. Calculate the remainder when x is divided by b.
7
Let b = 64 - 46. What is the remainder when 34 is divided by b?
16
Let d = -3 + 11. Let q = d - 6. Suppose 5*r = i - 0*i + 6, 3*i = q*r + 21. Calculate the remainder when i is divided by 3.
0
Suppose 0 = -4*g - 4*m + 48, 5*m = -5 + 20. Let z = 28 - g. Calculate the remainder when ((-11)/2)/((-1)/10) is divided by z.
17
Let i(j) = -j**3 + 13*j**2 - 10*j - 4. What is the remainder when 38 is divided by i(12)?
18
Suppose -10*k + 24 - 4 = 0. Calculate the remainder when 2 is divided by k.
0
Let o be (-1 - 1)/(6/(-33)). Let p = 2 + o. Calculate the remainder when p is divided by 7.
6
Let j(a) = a**3 + 9*a**2 + 5*a - 9. Calculate the remainder when j(-8) is divided by 2 + (-6)/(-9)*6.
3
Let f be 1*2*9/6. Suppose -39 = -3*g + 2*d, d + 42 = -0*g + f*g. Calculate the remainder when 29 is divided by g.
14
Let r(p) = p**3 + p**2 + p + 3. What is the remainder when r(3) is divided by 15?
12
Let z(u) = -u + 29. Let k(p) = p**3 + 5*p**2 + 2*p - 2. Let b(w) = -w - 8. Let q be b(-5). Calculate the remainder when z(0) is divided by k(q).
9
Let q = 17 + -14. Let g = 5 + -1. Calculate the remainder when g is divided by q.
1
Let w(t) = -t**3 + 8*t**2 + 12*t - 8. What is the remainder when w(8) is divided by 18?
16
Let k(q) = -q**3 - 4*q**2 - 3*q + 3. Suppose 0*j - 5*j - 15 = 0. Calculate the remainder when k(j) is divided by 1.
0
Suppose 4*n = n + 9. Suppose -n*a + 0*a + 6 = 0. Calculate the remainder when 4 is divided by a.
0
Suppose 2*a = 7*a - 45. Calculate the remainder when (-208)/(-6) - (-5)/15 is divided by a.
8
Let j = -29 + 89. What is the remainder when j is divided by 31?
29
Let z = -12 + 16. Suppose -z*d = 2*i - 6, 2*d + 24 = 2*i - 3*d. Calculate the remainder when 16 is divided by i.
2
Suppose -3*o - 2*o = 5*c - 180, -4*o - 16 = -c. Suppose 46 = d + 8. Let s = d + -27. Calculate the remainder when c is divided by s.
10
Let a(r) = r**2 + 7*r + 7. Let n be a(-6). Let k be (0 - n)/(5/(-145)). Let t = 87 - k. What is the remainder when t is divided by 20?
18
Suppose 0 = -3*q - 2*l + 57, 7*l - 19 = -q + 2*l. Let m = 96 + -22. Calculate the remainder when m is divided by q.
17
Let i(v) = -2*v**2 + 18*v + 6. Let q(p) = -p**3 + p**2 + 12. Calculate the remainder when i(7) is divided by q(0).
10
Let y(c) = 32*c + 14. Let n be y(-4). What is the remainder when n/(-18) - 8/6 is divided by 3?
2
Let u be (-5 + 15)/(1 - -1). Let g(l) = 2*l - 3. Let k(y) = y**3 + 5*y**2 - 2*y - 4. Calculate the remainder when k(-3) is divided by g(u).
6
Suppose -5*q + 0*z + 130 = -3*z, 3*q + 5*z - 78 = 0. Calculate the remainder when q is divided by 7.
5
Let d be 2 + 0*(-1)/(-4). Let l(g) = 5*g**3 + g**2 - g - 1. Calculate the remainder when l(d) is divided by 22.
19
Suppose 58 = 3*y - 86. Suppose 0 = -0*i + i - 25. What is the remainder when y is divided by i?
23
Suppose 5*u + 3*v = 168, -3*u + 2*v = -0*v - 116. Suppose 5*d + 3*m + 22 = -3, -2*m - 14 = 2*d. Let q = d + u. What is the remainder when q is divided by 9?
7
Suppose -75 - 21 = -4*t + 4*r, -4*r = 0. Calculate the remainder when t is divided by 9.
6
Let n(l) = -10*l**2 - 3*l + 11*l**2 + 4 + 4*l + 0*l. Suppose 5*m = -2*u + 28, -4*m + 4 + 0 = -3*u. What is the remainder when n(u) is divided by 13?
11
Let g be 3/(6*3/24). Let f(z) = -3*z**3 + z**2 - z - 1. Let n be f(-1). Suppose n = g*